{"id":664,"date":"2025-10-23T12:14:07","date_gmt":"2025-10-23T15:14:07","guid":{"rendered":"https:\/\/www.pdma.cl\/healthlink\/?post_type=product&#038;p=664"},"modified":"2025-10-27T06:33:30","modified_gmt":"2025-10-27T09:33:30","slug":"plan-premium","status":"publish","type":"product","link":"https:\/\/www.pdma.cl\/healthlink\/producto\/plan-premium\/","title":{"rendered":"Plan Integral Premium: 3 Meses de Evoluci\u00f3n"},"content":{"rendered":"<div class=\"page\" title=\"Page 8\">\n<div class=\"section\">\n<div class=\"layoutArea\">\n<div class=\"column\">\n<p><strong>El Acompan\u0303amiento Ma\u0301s Completo para Tu Salud<\/strong><\/p>\n<\/div>\n<\/div>\n<\/div>\n<\/div>\n<p>Nuestro programa m\u00e1s completo, pensado para quienes buscan una <strong data-start=\"4748\" data-end=\"4795\">transformaci\u00f3n profunda, estable y duradera<\/strong>.<br data-start=\"4796\" data-end=\"4799\" \/>Durante tres meses, recibir\u00e1s <strong data-start=\"4829\" data-end=\"4864\">m\u00e1s de 12 consultas programadas<\/strong> con profesionales especializados y <strong data-start=\"4900\" data-end=\"4952\">90 d\u00edas de acompa\u00f1amiento continuo de enfermer\u00eda<\/strong>, con disponibilidad <strong data-start=\"4973\" data-end=\"4981\">24\/7<\/strong> para atender cualquier necesidad.<\/p>\n","protected":false},"excerpt":{"rendered":"<div class=\"page\" title=\"Page 5\">\n<div class=\"section\">\n<div class=\"layoutArea\">\n<div class=\"column\">\n<div class=\"page\" title=\"Page 6\">\n<div class=\"section\">\n<div class=\"layoutArea\">\n<div class=\"column\">\n<div class=\"page\" title=\"Page 7\">\n<div class=\"section\">\n<div class=\"layoutArea\">\n<div class=\"column\">\n<div class=\"page\" title=\"Page 8\">\n<div class=\"section\">\n<div class=\"layoutArea\">\n<div class=\"column\">\n<p>La eleccio\u0301n definitiva para personas que desean una transformacio\u0301n profunda y duradera. Ideal para prevencio\u0301n de enfermedades cro\u0301nicas, recuperacio\u0301n post-tratamiento, o cambio radical de estilo de vida con resultados comprobables.<\/p>\n<\/div>\n<\/div>\n<\/div>\n<\/div>\n<\/div>\n<\/div>\n<\/div>\n<\/div>\n<\/div>\n<\/div>\n<\/div>\n<\/div>\n<\/div>\n<\/div>\n<\/div>\n<\/div>\n","protected":false},"featured_media":668,"comment_status":"open","ping_status":"closed","template":"","meta":{"_acf_changed":false,"_joinchat":[]},"product_brand":[],"product_cat":[50],"product_tag":[46],"class_list":{"0":"post-664","1":"product","2":"type-product","3":"status-publish","4":"has-post-thumbnail","6":"product_cat-plan-premium","7":"product_tag-destacado","9":"first","10":"instock","11":"virtual","12":"purchasable","13":"product-type-simple"},"acf":[],"jetpack_sharing_enabled":true,"_links":{"self":[{"href":"https:\/\/www.pdma.cl\/healthlink\/wp-json\/wp\/v2\/product\/664","targetHints":{"allow":["GET"]}}],"collection":[{"href":"https:\/\/www.pdma.cl\/healthlink\/wp-json\/wp\/v2\/product"}],"about":[{"href":"https:\/\/www.pdma.cl\/healthlink\/wp-json\/wp\/v2\/types\/product"}],"replies":[{"embeddable":true,"href":"https:\/\/www.pdma.cl\/healthlink\/wp-json\/wp\/v2\/comments?post=664"}],"version-history":[{"count":5,"href":"https:\/\/www.pdma.cl\/healthlink\/wp-json\/wp\/v2\/product\/664\/revisions"}],"predecessor-version":[{"id":836,"href":"https:\/\/www.pdma.cl\/healthlink\/wp-json\/wp\/v2\/product\/664\/revisions\/836"}],"wp:featuredmedia":[{"embeddable":true,"href":"https:\/\/www.pdma.cl\/healthlink\/wp-json\/wp\/v2\/media\/668"}],"wp:attachment":[{"href":"https:\/\/www.pdma.cl\/healthlink\/wp-json\/wp\/v2\/media?parent=664"}],"wp:term":[{"taxonomy":"product_brand","embeddable":true,"href":"https:\/\/www.pdma.cl\/healthlink\/wp-json\/wp\/v2\/product_brand?post=664"},{"taxonomy":"product_cat","embeddable":true,"href":"https:\/\/www.pdma.cl\/healthlink\/wp-json\/wp\/v2\/product_cat?post=664"},{"taxonomy":"product_tag","embeddable":true,"href":"https:\/\/www.pdma.cl\/healthlink\/wp-json\/wp\/v2\/product_tag?post=664"}],"curies":[{"name":"wp","href":"https:\/\/api.w.org\/{rel}","templated":true}]}}