{"id":655,"date":"2025-10-23T11:49:04","date_gmt":"2025-10-23T14:49:04","guid":{"rendered":"https:\/\/www.pdma.cl\/healthlink\/?post_type=product&#038;p=655"},"modified":"2025-10-27T06:29:17","modified_gmt":"2025-10-27T09:29:17","slug":"plan-transformacion","status":"publish","type":"product","link":"https:\/\/www.pdma.cl\/healthlink\/producto\/plan-transformacion\/","title":{"rendered":"Plan Transformaci\u00f3n: 21 D\u00edas de Cambio Real"},"content":{"rendered":"<p>El <strong data-start=\"3741\" data-end=\"3764\">Plan Transformaci\u00f3n<\/strong> est\u00e1 inspirado en el principio cient\u00edfico de que se necesitan <strong data-start=\"3827\" data-end=\"3864\">21 d\u00edas para crear nuevos h\u00e1bitos<\/strong>. Este programa intensivo promueve un cambio profundo y sostenible en tus rutinas diarias.<br data-start=\"3954\" data-end=\"3957\" \/>Durante tres semanas, combin\u00e1s <strong data-start=\"3988\" data-end=\"4026\">cuatro consultas con especialistas<\/strong> y <strong data-start=\"4029\" data-end=\"4085\">21 d\u00edas consecutivos de acompa\u00f1amiento de enfermer\u00eda<\/strong>, asegurando una integraci\u00f3n completa de los pilares del bienestar.<\/p>\n","protected":false},"excerpt":{"rendered":"<div class=\"page\" title=\"Page 5\">\n<div class=\"section\">\n<div class=\"layoutArea\">\n<div class=\"column\">\n<div class=\"page\" title=\"Page 6\">\n<div class=\"section\">\n<div class=\"layoutArea\">\n<div class=\"column\">\n<div class=\"page\" title=\"Page 7\">\n<div class=\"section\">\n<div class=\"layoutArea\">\n<div class=\"column\">\n<p>A quienes buscan formar ha\u0301bitos sostenibles con acompan\u0303amiento intensivo. Los 21 di\u0301as son el peri\u0301odo cienti\u0301ficamente validado para crear cambios que perduran.<\/p>\n<\/div>\n<\/div>\n<\/div>\n<\/div>\n<\/div>\n<\/div>\n<\/div>\n<\/div>\n<\/div>\n<\/div>\n<\/div>\n<\/div>\n","protected":false},"featured_media":656,"comment_status":"open","ping_status":"closed","template":"","meta":{"_acf_changed":false,"_joinchat":[]},"product_brand":[],"product_cat":[49],"product_tag":[46],"class_list":{"0":"post-655","1":"product","2":"type-product","3":"status-publish","4":"has-post-thumbnail","6":"product_cat-plan-transformacion","7":"product_tag-destacado","9":"first","10":"instock","11":"virtual","12":"purchasable","13":"product-type-simple"},"acf":[],"jetpack_sharing_enabled":true,"_links":{"self":[{"href":"https:\/\/www.pdma.cl\/healthlink\/wp-json\/wp\/v2\/product\/655","targetHints":{"allow":["GET"]}}],"collection":[{"href":"https:\/\/www.pdma.cl\/healthlink\/wp-json\/wp\/v2\/product"}],"about":[{"href":"https:\/\/www.pdma.cl\/healthlink\/wp-json\/wp\/v2\/types\/product"}],"replies":[{"embeddable":true,"href":"https:\/\/www.pdma.cl\/healthlink\/wp-json\/wp\/v2\/comments?post=655"}],"version-history":[{"count":6,"href":"https:\/\/www.pdma.cl\/healthlink\/wp-json\/wp\/v2\/product\/655\/revisions"}],"predecessor-version":[{"id":832,"href":"https:\/\/www.pdma.cl\/healthlink\/wp-json\/wp\/v2\/product\/655\/revisions\/832"}],"wp:featuredmedia":[{"embeddable":true,"href":"https:\/\/www.pdma.cl\/healthlink\/wp-json\/wp\/v2\/media\/656"}],"wp:attachment":[{"href":"https:\/\/www.pdma.cl\/healthlink\/wp-json\/wp\/v2\/media?parent=655"}],"wp:term":[{"taxonomy":"product_brand","embeddable":true,"href":"https:\/\/www.pdma.cl\/healthlink\/wp-json\/wp\/v2\/product_brand?post=655"},{"taxonomy":"product_cat","embeddable":true,"href":"https:\/\/www.pdma.cl\/healthlink\/wp-json\/wp\/v2\/product_cat?post=655"},{"taxonomy":"product_tag","embeddable":true,"href":"https:\/\/www.pdma.cl\/healthlink\/wp-json\/wp\/v2\/product_tag?post=655"}],"curies":[{"name":"wp","href":"https:\/\/api.w.org\/{rel}","templated":true}]}}